*i**3 + 16*i**2 + 2*i**3 - i**3. What is the remainder when 116 is divided by c(-17)?
26
Let r be 42/63 - 269/3. Let n = r - -29. Let w = 109 + n. What is the remainder when w is divided by 18?
13
Let d be 4 - 1022*(-1)/2. Let f = -414 + d. Calculate the remainder when f is divided by -1*(1 - 2) + 16.
16
Let l = 34431 + -33955. Calculate the remainder when l is divided by 53.
52
Let k = 2638 - 2613. What is the remainder when 96 is divided by k?
21
Suppose 5*s - 1317 = -4*q + q, -3*s = -q + 439. Calculate the remainder when q is divided by 22.
21
Suppose -5*j = 5*d - 1165, 0 = 3*d - 12*j + 14*j - 704. What is the remainder when d is divided by (-5 - -2)/((-6)/80)?
38
Let o = -65 + 132. Let g(v) = -3*v + 22. Let u be g(6). Suppose 0 = 3*k - 4*k + 4*p + 4, u*p = 20. What is the remainder when o is divided by k?
19
Let l = 5894 - 5745. What is the remainder when l is divided by 38?
35
Let n = -488 - -512. Suppose -42 = -n*u + 21*u. What is the remainder when 165 is divided by u?
11
Let j = -33841 - -33903. What is the remainder when 982/4 + (-2)/(-4) is divided by j?
60
Let z(i) = -11*i - 199. Let k be z(-11). Suppose -100 = -4*b + 2*g, -2*b + 2*g - 35 = -3*b. Calculate the remainder when b is divided by 12/k - 1188/(-117).
7
Suppose -3*f + f + 10 = 0. Let k(j) be the first derivative of 3*j**2/2 + 13*j - 60. What is the remainder when k(f) is divided by 10?
8
Suppose -10*t - 810 = 784 - 1674. Let m = 125 + -40. What is the remainder when m is divided by t?
5
Suppose 2 + 1 = -3*o. Let i(y) = 4*y**2 - y. Let u(r) = -7*r. What is the remainder when u(-4) is divided by i(o)?
3
Suppose -89 = -q - 3*k, 0 = 2*q + 5*k + 46 - 227. Suppose -32 = -116*i + 112*i + 6*n, 5 = i - 3*n. What is the remainder when q is divided by i?
10
Suppose -22815 = 563*q - 698*q. Suppose k = -0*f + f + 30, -f + 150 = 5*k. Calculate the remainder when q is divided by k.
19
Let k(c) = -c**2 - 2*c - 2. Let a be k(-2). Let d = a + 21. Let l(r) = -955*r - 269305. Calculate the remainder when d is divided by l(-282).
4
Let z = 28939 - 16791. What is the remainder when z is divided by 18?
16
Let x(f) = -f**3 + 88*f**2 - 393*f + 208. What is the remainder when x(83) is divided by 674?
12
Let d(i) = 77 - 4*i + 19*i - 10*i - 8*i. Let z = -24 - -51. What is the remainder when d(8) is divided by z?
26
Suppose 5*u - 33 = 2*t, 75 = -5*t - u - 48. Let s(v) be the second derivative of v**3/3 + 28*v**2 - v. What is the remainder when 23 is divided by s(t)?
7
Suppose 16559 = 61*n - 16*n - 12286. Calculate the remainder when n is divided by 107.
106
Suppose 0*t - 144 = -5*t + 3*g, 4*t - 126 = 6*g. Let f(n) = 2*n**2 + n - 2. Calculate the remainder when t is divided by f(-3).
1
Let s be (-9)/(-4 - (0 - 3)) - 5. Suppose -3*x + 56 = s*h - 129, h - 3*x = 50. What is the remainder when h is divided by 12?
11
Let r(l) = l**3 + 2*l**2 - 10*l - 20. Let w be (-303)/(-21) - (-3)/(-7). Suppose -3*j + w + 4 = 0. What is the remainder when j is divided by r(-3)?
0
Let c(y) = 3*y - 2. Let o be c(3). Let x(g) = 8*g - 5*g - 15 - o*g. What is the remainder when 33 is divided by x(-6)?
6
Suppose 662 = 5*w + 2*k, 29*k - 24*k = -20. Let r = -54 + 81. What is the remainder when w is divided by r?
26
Let q(g) = -g**2 + 12*g - 29. Let j be q(7). Let m = 26 - j. Let l = 12 + -1. What is the remainder when m is divided by l?
9
Suppose 474 = -92*j + 107*j - 111. Let l = 7 + -4. Suppose 2*u = l*u - 10. What is the remainder when j is divided by u?
9
Let k = 19 - 17. Suppose 0 = -b + k, -5*q - 4*b + 38 = -0*b. Let v = -4 - -25. What is the remainder when v is divided by q?
3
Let h(g) = 19*g**2 + g - 1. Let l be h(1). Suppose 4*i = 0, -o + 4*i + l = -0*i. Calculate the remainder when 70 is divided by o.
13
Let a(w) = -2*w**3 - 78*w**2 - 30*w + 76. Calculate the remainder when a(-39) is divided by 253.
234
Let f = -5472 + 5519. What is the remainder when 381 is divided by f?
5
Suppose 4*p - 2*p - 38 = -v, 14 = v - p. Suppose -387 = -3*q - 0*q. What is the remainder when q is divided by v?
19
Suppose t - 5*b = 31, -12*b + 25 = -17*b. Calculate the remainder when 663 is divided by t.
3
Suppose -k = k - 4*l - 1948, -3*l = k - 999. Suppose -357*g = -351*g - k. Calculate the remainder when g is divided by 43.
35
Suppose -970*s = -921*s - 1078. Calculate the remainder when 3203 is divided by s.
13
Suppose -2*b + 198 = 4*f, -317*f - 105 = -b - 316*f. Suppose -4*l + 5*j = -32, 0*j - 8 = -2*j. Calculate the remainder when b is divided by l.
12
Suppose 19 = l - 3*s, -25 + 1 = -l - 2*s. Suppose l*p + 3*p = 7800. Calculate the remainder when p is divided by 105.
102
Let i = 10137 - 10129. Suppose 5*s + 76 = w - 2*w, -5*w + s - 484 = 0. Let g = -65 - w. What is the remainder when g is divided by i?
7
Calculate the remainder when 919 is divided by (-9)/3 - (188/10)/((-2)/20).
179
Let a = -2182 - -2192. Calculate the remainder when 2299 is divided by a.
9
Let i(r) = -126*r + 23. Let v be i(2). Let p = -148 - v. Calculate the remainder when p is divided by 36.
9
Let g be 0/(28/(-6 - -13)). Suppose 3*c - 120 - 213 = 5*w, g = 4*c - 4*w - 444. Calculate the remainder when c is divided by 29.
24
Let f = -601 + 661. What is the remainder when f is divided by 18?
6
Let c = 5788 + -5646. Calculate the remainder when c is divided by 2 + -2 + 0 - -9.
7
Suppose 0*w - 285 = 2*s + 3*w, -2*w + 530 = -4*s. Let r = -112 - s. What is the remainder when 36 is divided by r?
13
Let n = -8 - -9. What is the remainder when (-5*(-18)/(-21))/(n/(-7)) is divided by 23?
7
Calculate the remainder when 1443 is divided by ((-72)/30)/(-6*1/1785).
15
Let c(a) = a**2 + 6*a + 8. Suppose 5*i = -h + 2*h - 482, 3*h - 1418 = i. Suppose -2*d = -10*d + h. What is the remainder when d is divided by c(-7)?
14
Let v(w) = -3*w + 5*w + 0*w + 5 - 17. Let u be v(8). Let i(z) = 2*z. What is the remainder when i(u) is divided by 5?
3
Let c be (-115)/(-15) + -8 + (-2054)/(-6). Suppose -324 = -6*s + c. Calculate the remainder when s is divided by 28.
27
Let a = -33 + 35. Let y(l) = 2 - 5 + 1 + 3*l**a - 1 + 4*l. What is the remainder when 15 is divided by y(1)?
3
Suppose 4*r - 7*r + 8 = 2*p, 2*r - 4*p - 16 = 0. Calculate the remainder when (-8 - -10 - r)*-84 is divided by 17.
15
Let w = -182 + 182. Suppose -21 + 84 = 4*d + l, w = 5*l + 25. Calculate the remainder when 252 is divided by d.
14
Suppose 118*z = 389*z - 27642. Calculate the remainder when 895 is divided by z.
79
Let a(v) = 3*v**3 - 6. Let o(i) = 5*i**2 + 66. Let d(b) = -9*b**2 - 131. Let m(f) = -3*d(f) - 5*o(f). What is the remainder when a(4) is divided by m(0)?
60
Suppose 5*k - 545 = 3*v, k + 4*v - 109 = 9*v. Calculate the remainder when k is divided by (-1 - 2) + (24/(-4) - -31).
21
Suppose 0 = -4*n + 11*n - 504. Suppose -2*g + 2*i + n = 28, 0 = i - 1. Calculate the remainder when g is divided by 19.
4
Suppose -3*c = -2*c + 2. Calculate the remainder when 1/10*c - 212/(-10) is divided by 2.
1
Suppose -5*j + 988 = -5*y - 707, 1361 = 4*j - 3*y. Calculate the remainder when 3779 is divided by j.
339
Let w = -20 + 52. Suppose -5*y = -3*o - 0*y - 13, 14 = o + 2*y. Suppose -o*q = -0 - 28. What is the remainder when w is divided by q?
4
What is the remainder when 31 is divided by 22/(-33) - (-1054)/51?
11
Suppose 3*y - 4*p - 4691 = 0, 4*y - 4222 - 2040 = -2*p. Calculate the remainder when y is divided by 49.
46
Let y(q) = -q**3 + 6*q**2 - 15*q + 20. Let g be y(2). Calculate the remainder when 229 is divided by 42 - (-20)/(-5)*g/8.
34
Let c(y) = 6*y**3 + 7*y + 13. Let l be c(-2). Let f = l + 104. Calculate the remainder when f is divided by 14.
13
Let o be 0/(-3*(-1)/(-3)). Suppose o = -3*d + 56 - 23. Suppose -t = 3*g - 9, 3*g = 4*t + 8 + 1. What is the remainder when d is divided by g?
2
What is the remainder when 977 is divided by (2204/145 + -14)/(2/((-3400)/(-6)))?
297
Let x = -134 - -179. Suppose -5*s - 2*i = -5*i - 50, 5*s + 4*i = 15. What is the remainder when x is divided by ((-12)/s)/(4/(-28))?
9
Let s(d) = 26*d**2 - 175*d - 28. Calculate the remainder when 4072 is divided by s(7).
19
Suppose 348*v + 349*v = 72*v + 156875. What is the remainder when v is divided by 28/4*(1 + 1)?
13
Let b(m) = 4*m**3 - 2*m**2 + 7*m + 2. Let c be b(6). Let d(a) = a**3 - a**2 + 16*a + 21. Calculate the remainder when (-1)/4 - c/(-16) is 